t s be w(4). Suppose n = -4*g + s, -236 = -0*n - n + 3*g. Is n a prime number?
True
Let y(n) = -n**3 + 2*n**2 - 4*n + 3. Let v be y(3). Let j be (v/15)/((-6)/15). Is 631/j + (-8)/(-12) composite?
False
Let a = 1 + -4. Let d be 88/24*37*a. Is (-2 - -1 - d)/2 a composite number?
True
Let d(f) = -3*f**3 - 6*f - 4. Let h be d(7). Let b = -464 - h. Is b a prime number?
False
Let w = 173585 - 36798. Is w a prime number?
False
Suppose -100980 = 24*p - 332868. Is p a composite number?
True
Let h = 492 + -1422. Let d(o) = -o**2 + 6*o - 6. Let y be d(6). Is 4/y - h/18 composite?
True
Let m(j) = -j**3 + 24*j**2 - 24*j + 24. Let c be m(23). Is 274*((1 - 1) + c) composite?
True
Suppose -3*a + 12202 + 4811 = 0. Suppose -h + 2*h + m = 1139, a = 5*h - m. Is h composite?
True
Let h(d) be the second derivative of 0 - 17/2*d**2 + 55/6*d**3 + 6*d. Is h(4) a prime number?
False
Let u be (-2)/3 - (3 - 23/3). Suppose -926 - 1557 = -5*h + u*g, -3*g = -9. Is h prime?
True
Suppose -4347 = -r + 14084. Is r a composite number?
True
Let u = -77 - -81. Suppose j = -u*c + 855 + 860, 0 = 4*j + 2*c - 6930. Is j a composite number?
True
Let w(g) = -3*g - 36. Let n(p) = -p - 18. Let q(v) = 7*n(v) - 4*w(v). Is q(7) prime?
True
Let z be (-3)/((-9)/6)*(-6)/(-4). Suppose -4*n + 0*n + 129 = d, 0 = z*d + n - 398. Is d a prime number?
False
Suppose 3*h - 11554 = -2*d + 8009, 32605 = 5*h - 2*d. Is h composite?
False
Let x = -20 + 18. Let h be (4/(-8) - 0)*x. Is (7*h)/(3/393) a composite number?
True
Let o = -354 + 1271. Let y = o - 352. Suppose 4*z + 3*u = 537 - 83, -5*z = 5*u - y. Is z prime?
False
Let s(f) = f + 119. Let x be 14/21 + 4/3. Suppose -1 = -3*k - n, 2*k = 6*k - 2*n + x. Is s(k) a prime number?
False
Is (2 - (-108)/(-51)) + (-1938935)/(-289) prime?
True
Let l(a) = -2*a**3 - a**2 - 2*a + 3. Let y(o) = 2*o**3 + o**2 + 2*o - 4. Let r(s) = 3*l(s) + 2*y(s). Is r(-10) composite?
True
Suppose -23*b + 31*b - 29464 = 0. Is b prime?
False
Let n = 37 - -228. Is n a prime number?
False
Let d(c) = 15*c**3 + c**2 + 4*c + 3. Let a(q) = -15*q**3 - q**2 - 3*q - 2. Let i(x) = -3*a(x) - 2*d(x). Let g be i(-1). Let s = 61 + g. Is s prime?
False
Is 5/((-25)/(-664084)) + (-3)/(-15) a composite number?
False
Let q = 22214 + 1587. Is q a prime number?
True
Let a(i) = -10*i - 18. Let o be a(-5). Is ((-8)/o)/(1 - (-8511)/(-8508)) prime?
True
Let k(b) = 37*b**2 + 9*b + 95. Is k(-9) a composite number?
False
Suppose 1056 = 2*g + 3*w - 7*w, -4*g + 3*w = -2127. Suppose 12*z - g = 10*z. Suppose 0 = -4*p - z + 1591. Is p a prime number?
True
Suppose 16 = 4*u + 8. Let m be 214 + (u + 10)/(-4). Suppose 0 = 4*i - 4*f - 452, 10*f - 5*f + m = 2*i. Is i a composite number?
True
Let o = 25 - 22. Suppose o*l + m - 600 = -m, -2*l - 2*m + 398 = 0. Is l composite?
True
Let b(k) = -536*k - 377*k - 29 - 426*k + 256*k. Is b(-10) a composite number?
True
Is (-8 - -7)*(-25016 + 3) a composite number?
False
Suppose 0 = 5*o - k - 24, -3*o - k = -2*o. Suppose -y = -o*y + 555. Is y a composite number?
True
Let f = -48314 + 113623. Is f prime?
True
Suppose -45*z + 47*z = 26998. Is z a prime number?
True
Let o(w) = 360*w + 25. Let v be o(-12). Let i = 6184 + v. Is i a composite number?
False
Suppose 0 = s + 3*s + 16. Let r be s/(-28) + (-1)/7. Suppose 5*q - 332 - 303 = r. Is q prime?
True
Suppose -3*t = 8*k - 6*k - 1087, 4*t + 20 = 0. Let i = 1462 - k. Is i a prime number?
True
Let o be (10/8)/((-3)/(-36)). Let q be (6/o)/(1/20). Suppose q*u - 354 = 662. Is u composite?
False
Suppose 0 = -3*p - g + 6, -8 + 1 = -4*p - g. Is (46/(-8))/(p - 42/40) prime?
False
Let t = 509 + 28. Is t prime?
False
Suppose -d + 2 = -0*d. Suppose -43 = -u - 5*z, 2*z + 41 = d*u - 69. Is u prime?
True
Let m = 531 - 200. Let s = 192 - m. Is (3 + -1)*s/(-2) composite?
False
Is -25 - -10791 - 10/(-2) a prime number?
True
Is (-5)/(-2)*(-105220)/(-50) a composite number?
False
Let t(a) be the first derivative of 4*a**3 + 5*a**2/2 + 2*a - 1. Suppose 5*u = 10, 3*u = -2*p - 2*p - 6. Is t(p) a composite number?
True
Let v(x) = 525*x**2 + x - 2. Let c be v(5). Let m be (c/4)/(-3) - -1. Let t = m + 1586. Is t a composite number?
True
Let f be 30/(-6) - -6 - 0/2. Is (1039 - 0 - f)*18/36 a prime number?
False
Let q(o) = o**2 + 4*o - 20. Let b be q(-8). Let z = -1 + 1. Suppose 2*l - 4*t - 12 = z, -2*l = -l + t - b. Is l a prime number?
False
Suppose -6*w = -12*w + 21858. Is w prime?
True
Suppose -16*b + 0*b = -32. Suppose -b*t - 3*j - 2360 = -9178, -2*j = 0. Is t a prime number?
False
Let h = -415 - -556. Is h prime?
False
Suppose -19 = -3*z + 23. Let h = -7 + z. Suppose 5*b = -4*c + 39, -4*c + 36 = b - h. Is c a composite number?
False
Suppose r - 2 = -5*f + 2*r, -5*r = f + 10. Suppose -2*z + 4*q + 1400 + 4310 = 0, f = -5*z + 4*q + 14245. Is z a prime number?
False
Let c(b) = 112*b**2 + 4*b - 33. Is c(13) a composite number?
False
Suppose -5*u - 46*u = -242097. Is u a composite number?
True
Let g = 90306 + -62549. Is g composite?
True
Let l(b) = 112*b**2 - 5. Let u be l(-4). Suppose j - 4*t = 399, 3*j - u + 530 = -3*t. Is j prime?
False
Let u(k) = 28*k**2 + 3*k - 23. Suppose 22 = 5*x + 2. Is u(x) a prime number?
False
Let j(a) = a**3 + 4*a**2 - 3. Let f be j(-4). Let l = f + 5. Suppose -4*s - 329 = -t, -628 = -l*t - s - s. Is t a composite number?
False
Suppose 5*r + 5*l = 10, -19 + 2 = -4*r + 5*l. Suppose -r*m + 9*m - 2382 = 0. Is m prime?
True
Suppose g + 2*q + 2 = 0, 0 = -g - 0*g - 3*q - 3. Suppose g = -2*h - 5*z + 965, -4*h + 4*z + 1944 = -0*z. Is h a prime number?
False
Suppose -4*l + 16 = 0, -m - 6*l + 4*l + 8 = 0. Is (-28)/(-56) - ((-2874)/4 - m) prime?
True
Let b = 1389 + 16796. Suppose 3*z - 15 = 0, 0 = 2*a + 3*a + 2*z - b. Is a a composite number?
True
Suppose 3*d + 4 = 1, -a + d = 10. Let c(g) = 3*g**2 + 2*g + 6. Is c(a) a composite number?
False
Suppose 127*y - 1904599 = 84*y. Is y a composite number?
False
Let b be (-7)/(-2) + 3/(-6). Is (-10)/b*4893/(-14) composite?
True
Let u = -760 - -1655. Is u a composite number?
True
Suppose 4*g = 4*h + 96, -5*h - 59 = -2*g + 70. Suppose 4*r - 6*b + b - 406 = 0, -3*r + 4*b + 304 = 0. Let z = h + r. Is z a prime number?
False
Suppose 0 = -2*j - 3*g + 334, 3*g - 164 = 4*j - 5*j. Let m be ((-3)/(-3))/(2/452). Suppose -3*z + t + j = -m, 4*z = 3*t + 533. Is z a prime number?
True
Let v(y) = y**3 + 5*y**2 - 7*y - 5. Let w be v(-6). Let x(q) = w + 4 - 35*q + 12*q. Is x(-7) a composite number?
True
Let i(l) = -9*l - 4. Let d be (-1*2)/(2/(-26)). Suppose 4*q = -2*f - 9 - 17, 5*f + d = 3*q. Is i(f) prime?
True
Let z(a) = -15*a - 123. Let o be z(-13). Let t be 2/(-6) + (-2024)/(-6). Let j = o + t. Is j a prime number?
True
Suppose 717 = 4*j + 133. Is (j/1 + 3)*1 a prime number?
True
Let i = 79 - 2. Let d = i - 30. Suppose 3*y - 46 = d. Is y composite?
False
Let p = 6525 + -1538. Is p composite?
False
Suppose 5*s + 43397 - 120277 = 5*z, 0 = -s + 5*z + 15388. Is s a composite number?
False
Let w(o) = -2*o - 3. Let n be w(-3). Let g be 13/3 - (-21)/(-63). Suppose -5*m + g*l = -1613, 0 = n*m + 2*m - 3*l - 1611. Is m composite?
True
Let m = -1080 + 1919. Is m prime?
True
Let h(m) = 108*m - 37. Is h(11) a prime number?
True
Let n(q) = 359*q**2 - 121*q - 689. Is n(-6) prime?
False
Is ((-14971)/(-22))/((-4)/(-24)) prime?
False
Let d(v) = 5362*v + 127. Is d(12) prime?
False
Let y(w) = w**3 - w**2 + 8*w - 3. Let u be y(-6). Let a = u + 430. Is a a prime number?
True
Suppose 4*d = -3*t + 5496, -2*d - 3*t + 2585 + 169 = 0. Is d prime?
False
Suppose -12 - 8 = -4*h. Let c(a) = -95*a**2 - a + 5. Let p be c(h). Is p/(-7) + 2/(-7) prime?
False
Suppose 123290 = 5*i - z, -3*i - 4*z + 3*z + 73966 = 0. Is i a composite number?
True
Let n(d) = 826*d + 137. Is n(7) a prime number?
False
Suppose 4*n + 3 - 19 = 0. Is (2953/2)/(2/n) a prime number?
True
Let j be ((-564)/10)/((-17)/5100). Suppose 3*o + 0*o = -4*m + 13555, -o - j = -5*m. Is m a composite number?
True
Let g(w) = -418*w - 3. Let t(h) = -1671*h - 13. Let p(z) = z**2 - 4*z + 1. Let d be p(3). Let b(f) = d*t(f) + 9*g(f). Is b(-1) prime?
True
Suppose 61713 = z - 4*f, 4*z - 98*f = -95*f + 246865. Is z prime?
True
Suppose -10*p - 23024 = -26*p. Is p prime?
True
Suppose 2*s - 6 = -3*p, -4*p - 12*s + 17*s + 8 = 0. Let j(l) = -686*l - 1. Let y(c) = 343*c. Let i(n) = -3*j(n) - 5*y(n). Is i(